2*l - l, -2*p + l = -t. Calculate the remainder when p is divided by g.
29
Let g(l) = -l**2 + 16*l + 6. Let s(p) = 6*p**2 - 81*p - 29. Let d(j) = -11*g(j) - 2*s(j). Calculate the remainder when d(-12) is divided by 3.
1
Let n be -2 - (1 + (-8 - -1)). Suppose -n*q = -2*q. Suppose q = 4*a + 1 - 585. Calculate the remainder when a is divided by 37.
35
Let m be (-126)/(-15) + 6/(-15). Let b = -9 + m. Let x(p) = -21*p + 1. What is the remainder when x(b) is divided by 8?
6
Suppose 0 = 4*x - 7 - 173. Suppose 0 = 3*j + 4*o - 68, 4*o + 26 = 4*j - 18. Suppose -2*k + j = -k. What is the remainder when x is divided by k?
13
Let h(u) = -2*u**2 + 10*u - 5. Let p be h(5). What is the remainder when 2 + (p - (-38)/2) is divided by 4?
0
Let n(l) = l + 19. Let u be n(-8). Suppose 317 = 4*y - u. Let h = y - 49. Calculate the remainder when 65 is divided by h.
32
Suppose -4*w - 29 = -5*p, 3*p - 3*w = 2*p + 8. Let c(v) = -v**2 + 3*v**2 + 2 + 10 + 10 - 6*v - 28. Calculate the remainder when 53 is divided by c(p).
11
Suppose 0 = -5*m - 4*j + 456, 3*m = 7*m - j - 369. Calculate the remainder when 176 is divided by m.
84
Suppose -4 = 13*n - 56. Calculate the remainder when 9 is divided by n.
1
Let g be (-3)/5 + (-65)/(-25). Suppose 5 = g*z - 15. Let v = 13 - z. What is the remainder when 5 is divided by v?
2
Let q = -28 - -41. Suppose -u - 7 = -2*u - 3*y, 2*u - q = -5*y. Suppose -75 = -w - u*w. What is the remainder when 43 is divided by w?
13
Suppose 43 = 5*x - z, 3*z = -2*x + 4 + 20. What is the remainder when 40 is divided by x?
4
Calculate the remainder when 175 is divided by -8*1*((-850)/(-4))/(-17).
75
Suppose 142*i - 144*i = -114. Calculate the remainder when 220 is divided by i.
49
Suppose -2*d + 0*d - 19 = -3*m, -2*m - 4 = 2*d. Let i = m + 9. What is the remainder when 69 is divided by i?
9
Let u be (2 - (3 - 2))*0. Let y be u/(-2)*(-3)/(-3). Calculate the remainder when 29 is divided by (12 + y)*(-18)/(-27).
5
Let f = 222 - 160. Calculate the remainder when f is divided by 22.
18
Let o be 1 + (-1 - 0 - 0). Let y(w) = w + 72. What is the remainder when y(o) is divided by 19?
15
Calculate the remainder when 54 is divided by (-4 + (-36)/(-15))/(6/(-105)).
26
Let w(b) = b**2 - b - 3. Let o be w(-2). Calculate the remainder when (o + 1)*(-98)/(-8) is divided by 13.
10
Let z(p) be the second derivative of 3*p**4/2 - p**3/6 + p**2/2 + 9*p. Let v be z(-2). Calculate the remainder when 15 is divided by (-174)/(-45) + 10/v.
3
Let g(n) = -28*n - 28. Let l be g(-5). Suppose 0*w = -4*w - 2*z + 194, -2*w + l = 4*z. Calculate the remainder when w is divided by 122/10 - 1/5.
10
Let f = -39 + 133. What is the remainder when f is divided by 9?
4
Let y(b) = -6*b + 385. Suppose 5*n + q = 16, -4*n + 10 = -2*q - 0*q. Let f = n + 29. What is the remainder when f is divided by y(63)?
4
Suppose 7*c - 25 = 24. Suppose -c*o = -4*o - 15. Calculate the remainder when (-1)/(-4) + (-165)/(-12) is divided by o.
4
Let y be 2/8 - (-171)/36. Suppose -y*x + 222 = 2*p, -2*p + 133 = 3*x - p. What is the remainder when x is divided by 1 - 18/14 - (-489)/21?
21
What is the remainder when (-14 - -14)/(-4 + 2) - -138 is divided by 41?
15
Suppose 2*k = -2*k - 4*m + 212, 0 = -3*m + 6. Suppose 0 = -6*u + 9*u - 54. Calculate the remainder when k is divided by u.
15
Suppose 4*k = -j + 139, -137 = -4*k + 2*j - 7. What is the remainder when 51 is divided by k?
17
Let b(k) = 2*k**3 - 7*k**2 + 4*k - 8. Let j = 176 - 83. What is the remainder when j is divided by b(4)?
21
Let k(m) = -9*m**3 - 3*m - 2. Let w be k(-1). Suppose -43 = -3*a - w. Calculate the remainder when 42 is divided by a.
9
Suppose -5*r + 19 = g, 4*g + g = -2*r + 26. Suppose -5*w = r*k + 482, -3*w + 4*k = 182 + 113. Let h = w + 183. What is the remainder when h is divided by 22?
20
What is the remainder when 82 is divided by 1/2*-10 - (-21 + 12)?
2
Let d(o) = 22*o + 187. What is the remainder when d(-6) is divided by 15?
10
Suppose -10482 - 7878 = -15*n. What is the remainder when n is divided by 35?
34
Suppose -2*v - 3*u - u = -28, -4 = 2*u. What is the remainder when 970 is divided by v?
16
Let z(m) = -m**2 - 3*m + 2. Let c be z(-4). Let k = -5 - c. What is the remainder when 51 is divided by k/(-2)*26/3?
12
Let u be 2/((-17)/(-5) + (-2 - 1)). Suppose -79 = -u*n + 76. Calculate the remainder when n is divided by 19.
12
Let k = -7 + 12. Let l = -7 + k. Let x = l - -21. What is the remainder when x is divided by 11?
8
Let k(f) = 2*f**3 + 14*f**2 - 12*f + 58. What is the remainder when 189 is divided by k(-8)?
7
Suppose -2*u + d + 159 = -4*d, -4*u - 2*d = -282. Suppose -u*b - 76 = -76*b. Calculate the remainder when 70 is divided by b.
13
Let n = 9 + -6. What is the remainder when (9 - 11)/(4/(-102)) is divided by (2 + (-8)/n)*-27?
15
What is the remainder when 212 is divided by 2/(4/((-144)/(-6)))?
8
Let r = -158 + 161. Calculate the remainder when r is divided by 1.
0
Let i = -13 - -61. Calculate the remainder when 286 is divided by i.
46
Let s(o) = -179*o - 487. What is the remainder when 1147 is divided by s(-3)?
47
Suppose 0 = 100*a - 457 - 43. Suppose -2*i = 4, -4*u + 17 = 2*i + 45. What is the remainder when u*(-1)/8*24 is divided by a?
3
Let f(z) = 2*z**3 + 3*z**2 + 10*z - 4. Let r(j) = 3*j**3 + 7*j**2 + 19*j - 8. Let v(s) = 5*f(s) - 3*r(s). What is the remainder when 13 is divided by v(7)?
1
Suppose 5*l - 14*l = -27. Suppose -l*u - 370 = -8*u. Calculate the remainder when u is divided by 39.
35
Let y = 14 - 10. Suppose 0*g + 3*u + 8 = 2*g, g - y = 4*u. Let p = -14 - -27. Calculate the remainder when p is divided by g.
1
Suppose 9*p + 166 = 823. Let a = 61 - 34. What is the remainder when p is divided by a?
19
Let p(r) = -r**3 - 47*r**2 + 37*r - 23. Calculate the remainder when p(-48) is divided by 128.
121
Let x(a) = a**3 + 5*a**2 + 2*a + 10. Let n be x(-5). Let z = 5 + -3. Suppose z*k - 4 + n = 0. Calculate the remainder when k is divided by 2.
0
Let s(o) = 41*o**2 + 2*o - 1. Suppose -3*b = 5*y - 116 - 91, 2*y - 2*b = 86. Calculate the remainder when s(2) is divided by y.
41
Let x(z) = -2*z**2 - 28*z - 31. Calculate the remainder when x(-7) is divided by 12.
7
Let k = -6 + 9. Suppose y = -0*y + k. What is the remainder when 73 is divided by (-175)/(-10) + y/2?
16
Let k(l) = -l**3 + 13*l**2 - 27*l + 6. What is the remainder when k(8) is divided by 38?
34
Let g(p) = -p**3 + 7*p**2 + 9*p - 1. Let j be g(8). Suppose -j - 2 = -x. Calculate the remainder when 78 is divided by x.
6
Suppose -8*s + 13*s = 25, 5*x = -4*s + 175. What is the remainder when 3/(-1)*(-366)/18 is divided by x?
30
Let n(p) = p + 4. Let a be n(-11). What is the remainder when 11 is divided by (-320)/(-56) - 2/a?
5
Let r(q) = -q**2 - 6*q + 3. Let t be r(-5). Calculate the remainder when (-12)/(-48) + 86/t is divided by 4.
3
Let g(o) be the second derivative of o**5/20 + 7*o**4/12 - 2*o**3/3 - 5*o**2 + 2*o. Calculate the remainder when (17 + -29)*22/(-8) is divided by g(-7).
15
Suppose 159 - 71 = 11*q. What is the remainder when 166 is divided by q?
6
Suppose -25*v = -109 - 41. What is the remainder when 32 is divided by v?
2
Calculate the remainder when (1/2)/(2/(828/3)) is divided by 35.
34
Suppose -3*u + 3*r + 3 = 0, 2 = 3*r - 4. Suppose -u*p + 84 = p. Calculate the remainder when 61 is divided by p.
19
Let a be (-3)/((-9)/3)*-1. Let d(n) = n + 8. Let i(w) = 1. Let g(r) = a*d(r) + 6*i(r). What is the remainder when 23 is divided by g(-8)?
5
Let o(w) = 5*w**2 + 2*w + 3. Let k(c) = -6*c**3 - 3*c - 2. Let h(v) = -v - 1. Let j be h(0). Calculate the remainder when o(-2) is divided by k(j).
5
Suppose t - 6*t - 275 = -5*c, 0 = -4*c + 5*t + 225. Suppose -c*p = -51*p + 15. What is the remainder when 23 is divided by p?
8
Let p = -1198 - -1247. What is the remainder when 242 is divided by p?
46
Let x(n) = 60*n**2 - 14*n + 11. What is the remainder when 1595 is divided by x(1)?
56
What is the remainder when 2*(3 - (-565)/10) is divided by 10?
9
Let w(k) = 2*k**2 - 15*k - 107. Calculate the remainder when w(-7) is divided by 37.
22
Let w(t) = t**3 - 17*t**2 + 16*t + 20. Suppose -2 + 5 = d. Suppose d*a + 24 = 6*a. Calculate the remainder when w(16) is divided by a.
4
Let v(d) = -4*d**3 - 3*d**2 - 16*d + 11. What is the remainder when v(-4) is divided by 34?
11
Calculate th